{"id":1724,"date":"2025-07-14T00:39:10","date_gmt":"2025-07-13T22:39:10","guid":{"rendered":"https:\/\/dialibatou.com\/?post_type=product&#038;p=1724"},"modified":"2025-07-15T00:24:54","modified_gmt":"2025-07-14T22:24:54","slug":"formule-2-capsules-cafe-touba-boite-de-10","status":"publish","type":"product","link":"https:\/\/dialibatou.com\/index.php\/produit\/formule-2-capsules-cafe-touba-boite-de-10\/","title":{"rendered":"Formule 2 CAPSULES CAFE TOUBA (boite de 10)"},"content":{"rendered":"<p>Melange de caf\u00e9 arabica, caf\u00e9 robusta, clou de girofle et poivre de guin\u00e9e<\/p>\n","protected":false},"excerpt":{"rendered":"<ul>\n<li class=\"bdt-price-table-feature-text bdt-display-inline-block\">Condition: 60 capsules achet\u00e9es, remise 10%<\/li>\n<li class=\"bdt-price-table-feature-inner bdt-flex-inline bdt-flex-middle\">\n<div class=\"bdt-price-table-feature-text bdt-display-inline-block\">Duree: 3 mois<\/div>\n<\/li>\n<li class=\"bdt-price-table-feature-inner bdt-flex-inline bdt-flex-middle\">\n<div class=\"bdt-price-table-feature-text bdt-display-inline-block\">Montan avant remise: 54900 CFA<\/div>\n<\/li>\n<li class=\"bdt-price-table-feature-inner bdt-flex-inline bdt-flex-middle\">\n<div class=\"bdt-price-table-feature-text bdt-display-inline-block\">Livraison: gratuite<\/div>\n<\/li>\n<\/ul>\n","protected":false},"featured_media":1394,"comment_status":"open","ping_status":"closed","template":"","meta":[],"product_brand":[26],"product_cat":[27],"product_tag":[],"class_list":{"0":"post-1724","1":"product","2":"type-product","3":"status-publish","4":"has-post-thumbnail","6":"product_brand-dialibatou","7":"product_cat-capsules","9":"first","10":"instock","11":"taxable","12":"shipping-taxable","13":"purchasable","14":"product-type-variable-subscription"},"jetpack_sharing_enabled":true,"_links":{"self":[{"href":"https:\/\/dialibatou.com\/index.php\/wp-json\/wp\/v2\/product\/1724","targetHints":{"allow":["GET"]}}],"collection":[{"href":"https:\/\/dialibatou.com\/index.php\/wp-json\/wp\/v2\/product"}],"about":[{"href":"https:\/\/dialibatou.com\/index.php\/wp-json\/wp\/v2\/types\/product"}],"replies":[{"embeddable":true,"href":"https:\/\/dialibatou.com\/index.php\/wp-json\/wp\/v2\/comments?post=1724"}],"wp:featuredmedia":[{"embeddable":true,"href":"https:\/\/dialibatou.com\/index.php\/wp-json\/wp\/v2\/media\/1394"}],"wp:attachment":[{"href":"https:\/\/dialibatou.com\/index.php\/wp-json\/wp\/v2\/media?parent=1724"}],"wp:term":[{"taxonomy":"product_brand","embeddable":true,"href":"https:\/\/dialibatou.com\/index.php\/wp-json\/wp\/v2\/product_brand?post=1724"},{"taxonomy":"product_cat","embeddable":true,"href":"https:\/\/dialibatou.com\/index.php\/wp-json\/wp\/v2\/product_cat?post=1724"},{"taxonomy":"product_tag","embeddable":true,"href":"https:\/\/dialibatou.com\/index.php\/wp-json\/wp\/v2\/product_tag?post=1724"}],"curies":[{"name":"wp","href":"https:\/\/api.w.org\/{rel}","templated":true}]}}